*x - 3. Suppose -3*v + 0*v = -12. Let m(a) = 2*a - 6. Let r be m(v). Let i be s(r). What is the highest common factor of i and 9?
9
Suppose 6*n - n = -5*g + 125, n + 3*g - 35 = 0. What is the highest common divisor of 50 and n?
10
Suppose 0 = 4*y + y - 5. Let f be y*6/(-3) - -21. Calculate the highest common divisor of 171 and f.
19
Let d(b) = 15*b**3 - b**2 + 1. Let m be d(1). Suppose 21 - 5 = 4*p, -n - p + 14 = 0. What is the greatest common divisor of m and n?
5
Suppose -2*x + 5*x - 15 = 0. Let f = -740 + 745. Calculate the greatest common divisor of x and f.
5
Let r(t) be the second derivative of 1/20*t**5 + t + 0 + t**2 + 0*t**4 - 1/2*t**3. Let o be r(3). Calculate the highest common divisor of 4 and o.
4
Let z(y) = y**2 - 13*y + 12. Let v be z(16). Calculate the highest common divisor of v and 40.
20
Suppose -5*c = -0*c - 40. Let p(y) = 2*y + 2. Let f(i) = -i**3 + i + 3. Let h be f(0). Let x be p(h). Calculate the highest common factor of x and c.
8
Let a = -32 - -92. Calculate the greatest common divisor of 12 and a.
12
Let n(o) = -o**3 - 7*o**2 - 7*o + 5. Let i be n(-6). What is the greatest common divisor of 231 and i?
11
Let d be -1 + 5 + (2 - 1). Suppose -r = -d*r - 5*u + 36, -2*r + 2*u + 18 = 0. What is the highest common divisor of 45 and r?
9
Let q = 24 + -14. Let n = -8 - -13. Suppose n*k = -47 + 172. Calculate the highest common factor of k and q.
5
Let j(c) = -c + 5. Let w be j(-14). Let r be 3/(3/(-19))*-7. Calculate the highest common divisor of w and r.
19
Suppose -3*f + 62 = f + 5*n, -5*f + 98 = -4*n. Let s(y) = 4*y - 3. Let g be s(6). Let p = 15 + g. What is the greatest common divisor of p and f?
18
Suppose -5*k + m + 92 = 0, k + k + 5*m - 53 = 0. What is the highest common factor of 209 and k?
19
Let n(r) = -r**3 + 13*r**2 - 13*r + 17. Let v be n(12). What is the greatest common factor of v and 55?
5
Let q be 100/36 - (-2)/9. Let t = q - -5. Let r = -3 + t. What is the highest common divisor of 35 and r?
5
Suppose 4*k - 2*f - 20 = 6, 3*k + 5*f - 52 = 0. Let i = -6 + 12. What is the highest common divisor of i and k?
3
Let a = -1 - 1. Let g be (-634)/(-18) - a/(-9). Suppose -66 = -5*o + 4. What is the greatest common divisor of g and o?
7
Let l = -320 - -212. Let r = -45 - l. Suppose -r = -0*i - i. Calculate the greatest common factor of i and 9.
9
Let u = -118 + 127. Calculate the greatest common factor of 21 and u.
3
Suppose -2*j = 2*v - 76, -3*v + v = j - 80. Let g be 28/(-5)*(-45)/18. What is the highest common factor of v and g?
14
Suppose 0 = 7*o + 202 - 594. Calculate the greatest common factor of 8 and o.
8
Let y(r) = r**2 + r. Suppose 2*h - 2*v + 0 = -14, 4*h + 20 = 2*v. Let l be y(h). What is the greatest common factor of l and 24?
6
Let t be (-473)/(-33) + (-1)/3. What is the greatest common divisor of t and 21?
7
Let k be 1456 - 3 - (-1 + 4). Let z be (-12)/(-16) + k/8. Suppose t = -t + z. Calculate the highest common divisor of 13 and t.
13
Let l = -74 + 119. What is the greatest common factor of 18 and l?
9
Suppose -2*h + 195 = -5*o, -140 = -2*h - 5*o + 5. Calculate the greatest common divisor of h and 5.
5
Let l(p) = p**2 - p + 6. Let h be l(0). Let s be -5*(2 - 1/1). Let m be 476/10 - 2/s. What is the highest common factor of h and m?
6
Let o = 4 + -2. Suppose -4*y - 18 = -o, 0 = 5*s - 3*y - 67. Let v = s - 1. What is the highest common divisor of 40 and v?
10
Let r(u) = u**2 + 3*u. Let o = -6 + 0. Let y be r(o). What is the highest common divisor of 90 and y?
18
Let s be 16/56 - 290/(-14). Let x = 13 - s. Let i be 33/(-44) + (-2206)/x. Calculate the highest common factor of i and 25.
25
Let r be -1*(-1)/(-2)*0. Suppose 2*h = -r*h + 120. Let a(f) = -8*f + 2. Let l be a(-1). What is the greatest common divisor of l and h?
10
Suppose 3*r + 5*g - 11 - 1 = 0, 0 = 3*g. Suppose h - r*h + 195 = 0. What is the highest common factor of 26 and h?
13
Let a be (-1 - 1)*42/(-4). Let k be ((-12)/8)/(2/(-4)). What is the highest common divisor of a and k?
3
Let p be (1 - -2) + 0/4. Suppose 4*h = -h + 75. What is the highest common divisor of p and h?
3
Let f(o) = -o**2 + o + 6. Let j be f(0). What is the greatest common divisor of 4 and j?
2
Let z = 28 - 22. Calculate the highest common divisor of 6 and z.
6
Let q(w) = 3*w + 3. Let k be q(5). Let v be (6/k)/(1/33). What is the highest common divisor of 99 and v?
11
Suppose 3*m + 18 = -2*h, -4*h = -6*m + 2*m - 4. Let n be ((-4)/6)/(m/78). What is the highest common divisor of n and 130?
13
Suppose -2*p + 6 = 0, 2*y - 5*p - 21 = -y. Suppose -2*k + 5*k + 5*d = 113, -112 = -3*k - 4*d. Calculate the greatest common divisor of y and k.
12
Let k(w) = -w**2 - 7*w + 8. Let t be k(-8). Suppose 64 = 4*s + 2*z, -3*s - z + 0*z + 49 = t. Calculate the highest common factor of s and 136.
17
Let j(o) = -41*o + 1. Let u be j(-4). Let y(l) = 17*l**2 + l - 1. Let d be y(-1). What is the greatest common divisor of u and d?
15
Suppose -165 = 2*i - 4*i - 5*b, -257 = -3*i + 2*b. What is the greatest common factor of i and 17?
17
Suppose 5*q = 5 + 60. Calculate the greatest common divisor of 1 and q.
1
Let n(p) = 2*p**2 - 5*p + 3. Let v be n(3). Let b(q) = -5*q + 9. Let u be b(v). Let x = u - -36. What is the greatest common divisor of 3 and x?
3
Let r be (2/4)/(2/28). Let q = -4 + r. Calculate the highest common divisor of q and 3.
3
Suppose 2*g = -3*g - 40. Let d be (8 - 3)*g/(-10). Let p(q) = -q**2 + 9*q. Let l be p(4). Calculate the highest common factor of d and l.
4
Let q = -3 + -1. Let p(s) = -22*s. Let u be p(q). Suppose 4*j - u = 3*j. Calculate the highest common divisor of 8 and j.
8
Suppose -63 = -5*x + 62. Calculate the highest common factor of 125 and x.
25
Let y = 45 + -41. What is the highest common divisor of y and 4?
4
Suppose 3*k + 2 = -c + 3, 21 = 3*k - 3*c. Suppose -w - 301 = -4*o, 0*o - 4*w = -o + 79. Suppose k*d - d = o. Calculate the highest common factor of 25 and d.
25
Suppose 0 = 3*l - 45. What is the highest common factor of l and 120?
15
Let t(r) = -19*r - 5. Let k be t(-7). What is the greatest common factor of 32 and k?
32
Let o = -5 + 17. Suppose t + 5 = h - 2, 5*t = 2*h - 23. What is the highest common divisor of o and h?
4
Let b(n) = n**3 + 10*n**2 + 14*n - 15. Let p be b(-12). Let d = 679 + p. Calculate the greatest common factor of d and 26.
26
Let y(a) = a**3 + 5*a**2 - 7*a + 5. Let h be y(-6). Let n be 0 - -1 - (1 + -33). Calculate the highest common divisor of n and h.
11
Let s be (-44)/(-154) - (-38)/14. Calculate the greatest common divisor of 9 and s.
3
Suppose 3*s - l = 13, 0*l + 8 = -2*l. Let f = 0 + s. Calculate the highest common factor of 3 and f.
3
Suppose 3*o = 2*z - z + 18, -2*z = o - 6. Let c = 4 + -1. Suppose -c*j + 7*j = 216. What is the highest common factor of o and j?
6
Let o(y) = -7*y**3 - 3*y**2 - 3*y - 2. Let x be o(-2). Suppose 5*s + x = 8*s. What is the highest common divisor of s and 4?
4
Let m be (-9)/(-2)*(5 - 7). Let q be 3*4*(-3)/m. Suppose q*t + 0 - 8 = 0. What is the highest common divisor of 10 and t?
2
Suppose -h - 3 = -m + 3, 3*m - 46 = -4*h. Let d be (-464)/(-12) + 4/3. What is the greatest common factor of d and m?
10
Let d = -3 + 6. Suppose -d*k = -2*o - k + 92, o - 4*k - 34 = 0. Suppose 5*a - o = 70. What is the highest common factor of 8 and a?
8
Let s be 9/21 - 578/(-7). Let c = s - 27. Calculate the greatest common divisor of 14 and c.
14
Let z(p) = -p**3 + 5*p**2 + p. Let l be z(5). Let m = 13 - l. Calculate the greatest common divisor of m and 32.
8
Suppose 2*i = 4*i + 8. Let x be 328/18 - i/(-18). Suppose 6*p + 10 = 46. What is the greatest common factor of x and p?
6
Let f be ((-4)/(-10))/(18/810). Calculate the greatest common divisor of 126 and f.
18
Suppose 0 = -3*x, -3*d = -0*d + 5*x - 147. Suppose 0 = -7*w + 6*w. Let y be w + -1 + 2 + d. Calculate the greatest common divisor of y and 20.
10
Let o(k) = -11*k + 18. Let b be o(-6). Calculate the highest common factor of b and 12.
12
Let f be 2616/18 - (-4)/(-3). Calculate the highest common factor of f and 16.
16
Let b = 0 - -5. Let n(j) = j**3 - 5*j**2 - 5. Let c be n(b). Let s = c - -7. Calculate the highest common factor of 4 and s.
2
Let j = -26 - -56. Suppose -2*v + 3*p = -2*p, -2*v + 3*p = -4. What is the greatest common factor of v and j?
5
Let f be 